prime factors of 9 + (1256688/(-80))/(1/(-5)).
2, 3, 1091
Suppose 28500 = 5*j - 3*h, 5*j + 1646*h - 28500 = 1645*h. What are the prime factors of j?
2, 3, 5, 19
Let r = -3012 - -5711. List the prime factors of r.
2699
Let n = -132 - -128. What are the prime factors of 4*(-69)/(-6)*(-22)/n?
11, 23
Let h(f) = 5*f**2 + 53*f - 424. List the prime factors of h(-32).
2, 3, 5
Let p(r) = r**3 + 6*r**2 - 6*r + 10. Let x be p(-7). Suppose 17*a = -x + 88. List the prime factors of (a/3)/(4/492).
5, 41
Let w be 14/(-28) - 50/(-4). Suppose w*k = -2*k + 2562. List the prime factors of k.
3, 61
Let y be (-36)/63 - (-18084)/42. What are the prime factors of ((-342)/95)/((-4)/y)?
3, 43
Let y(c) = 323*c**2 - 36*c + 97. What are the prime factors of y(-7)?
2, 3, 337
Suppose -3*v = -4*k + k - 10974, -k = -4*v + 14641. Suppose -13*h = -v - 1071. List the prime factors of h.
2, 7, 13
Let d(n) = n. Let g(o) = 178*o - 13. Let i(b) = -d(b) - g(b). What are the prime factors of i(-2)?
7, 53
Suppose -18764 = -27*m - 1376. Suppose -5*g - 28 = 2. List the prime factors of 17/g + 3 + m/24.
3
List the prime factors of (1 + -11)*(-1104 + -42).
2, 3, 5, 191
Let a = 121 + -121. Let n be -2 - (-2 + a/(-5)). Suppose n = 10*r - 49 - 31. What are the prime factors of r?
2
Suppose 2*w - 44 = -3*i, w - 4*i + 0 = 11. Suppose 24*p - w*p - 1100 = 0. List the prime factors of p.
2, 5, 11
Suppose -o = 5*n + 10, 12*o + n = 10*o + 7. Let i(r) = 120*r - 33. List the prime factors of i(o).
3, 7
Let z be (-2 - -1268)/3 - 0. Let d = -266 + 268. Suppose 4*b = -d*y + z, -1 = 4*b + 5*y - 420. What are the prime factors of b?
2, 53
What are the prime factors of (1551708/(-27))/(136/(-102))?
43103
Let r(q) = -q**3 + 1. Let d be r(-1). Let i(c) = 2*c**d + 12*c - 7*c - c**2 + 26 + c. List the prime factors of i(-8).
2, 3, 7
Let u = -1299 - -5971. List the prime factors of u.
2, 73
Suppose 12*v - 3245 = 3643. Suppose 3*p - 164 = v. List the prime factors of p.
2, 3, 41
Suppose 0 = 7*w + 5*s - 203268, -48*w + 58056 = -46*w - 2*s. What are the prime factors of w?
2, 3, 1613
Suppose -4*d - y = 113, y = -3*d + 23 - 109. Let f = d + 31. Suppose 3*i + f*j - 198 + 68 = 0, -5*j - 170 = -5*i. What are the prime factors of i?
2, 19
Let d be 1*(-4 + 3)*-319. Suppose d = -7*l + 3693. List the prime factors of l.
2, 241
Let g(r) = 5*r**3 - r + 6. Let p(k) = 4*k**3 - k**2 + 5. Let s(x) = 5*g(x) - 6*p(x). Let i be s(-6). Let b = 69 - i. List the prime factors of b.
3, 13
Let c be 38/(-266) - 15/(-7). Suppose -5*s + 0*s - 175 = -2*x, -4*x = c*s - 338. What are the prime factors of x?
5, 17
List the prime factors of (-317)/(11 - 20501/1862).
2, 7, 317
Let u(c) = 117*c**2 - 23*c - 70. What are the prime factors of u(-12)?
2, 8527
Suppose 0 = -41*p + 31*p - 30. List the prime factors of -3*p/9 - 7476/(-6).
29, 43
Let d = 6905 + -1206. List the prime factors of d.
41, 139
Let j = -70 + 70. Suppose j*g + 3*y + 17 = -g, 0 = -y - 5. What are the prime factors of (-12 - -6)*79/g?
3, 79
Let n(o) = 3*o**2 - o - 19. Let f(s) = 4*s**2 - s - 19. Let a(m) = 3*f(m) - 2*n(m). What are the prime factors of a(12)?
7, 17
Let i = 2464 + 8658. What are the prime factors of i?
2, 67, 83
Let x(z) = 26*z + 14. Let y(u) = 25*u + 17. Let j(o) = 5*x(o) - 4*y(o). What are the prime factors of j(1)?
2
Suppose -m + 1955 + 1238 = 0. What are the prime factors of m?
31, 103
Let y be 11/2 - (54/(-12))/(-9). Suppose 0 = -y*z - 25 + 5, 1440 = 4*x - 3*z. List the prime factors of x.
3, 7, 17
Suppose -2*m = 2*m - 228. Suppose 2*y + 16 = 4*j, 3*j + 5*y = -19 + m. Suppose -j*v = -7*v + 153. What are the prime factors of v?
3, 17
Let v be (-2)/(-14) + (-5780)/(-14) + -7. Let u = v + 206. List the prime factors of u.
2, 3, 17
Suppose 15276 + 8293 = 13*u. List the prime factors of u.
7, 37
Let f = -53 - -43. Let x be f/45 + 464/(-18). Let v = -9 - x. List the prime factors of v.
17
List the prime factors of ((-80882)/4)/((-5)/30 + (-7)/21).
37, 1093
Let x = -39 + 41. Suppose -x*j - j = 0. Suppose -u + j*u = -3*a - 33, 3*u - 91 = a. List the prime factors of u.
2, 3, 5
What are the prime factors of ((-36434)/8)/((-52)/78*(-12)/(-64))?
2, 18217
Let a(o) = 6*o**2 + 6*o + 18. Let q(i) = 5*i**2 + 7*i + 18. Let f(y) = -2*a(y) + 3*q(y). Let k be f(-13). Let s = -216 + k. List the prime factors of s.
2, 3
Suppose 3*z = 2*a - 11142, 5897 + 5237 = 2*a - z. List the prime factors of a.
3, 5, 7, 53
Suppose -15*q = -202 - 83. Let a = q - -347. List the prime factors of a.
2, 3, 61
Let r(s) = -s**3 - 4*s**2 - s. Let b be (-3)/12 + 45/(-12). Let i be r(b). List the prime factors of (i/(-5))/((-8)/40).
2
Suppose 3*z - 39 = 3*b, -3*b = 2*b + 4*z + 29. Let u = -7 - b. Suppose -u*r = 4*r - 954. What are the prime factors of r?
3, 53
Suppose 17*l - 72 = 41*l. Let h(v) = -v**2 - v. Let z be h(-6). Let i = l - z. List the prime factors of i.
3
Suppose 58 = 2*h + 38. Let p(g) = g**3 - g**2 + 5*g - 7. Let l be p(6). Suppose -h*s = -l - 17. What are the prime factors of s?
2, 11
Let j(m) = m**3 + 10*m**2 + 12*m + 3. Let y be j(-9). Let o be 4/y - (-2258)/12. Suppose 17*g - 19*g = -o. What are the prime factors of g?
2, 47
Suppose 4*o - 6 = -2*c, 3*c + o = 4*c - 3. Suppose -c*p - 29 = -38. Suppose 5*t = p*v + 2*v - 525, 0 = 4*v - 2*t - 414. What are the prime factors of v?
2, 3, 17
Suppose -6*n - 4440 = -3*n. Let i = n - -2707. What are the prime factors of i?
3, 409
List the prime factors of -6 + 245520/14 + (-5)/((-420)/(-12)).
47, 373
Suppose 0 = -4*c + 6*c - 4*f - 51606, 2*f = -3*c + 77449. List the prime factors of c.
83, 311
Let x = 1262 - -243. Let u = x + -698. What are the prime factors of u?
3, 269
Suppose 4*i + 3*h = 7*i + 33, 2*i - 3 = -3*h. List the prime factors of 349/(-6 - i - -1).
349
Let n = -119 + 123. Suppose n*a = a + 951. List the prime factors of a.
317
Suppose 18 = -55*p + 61*p. Suppose -2*g + 2*a + 1308 = 0, -p*g - 5*a + 26 = -1928. List the prime factors of g.
653
Suppose 313*a - 321*a + 621336 = -25584. List the prime factors of a.
3, 5, 599
Let l be 1300 - 20/(-1 - -5). Suppose -14*t = -4*s - 9*t + l, 5*s - 1591 = -3*t. List the prime factors of s.
2, 5
Suppose 1501836 = -87*c + 129*c. What are the prime factors of c?
2, 19, 941
Suppose 186 = 4*z - 3*c, 3*z - 5*c = z + 100. Let v = 37 - z. List the prime factors of (-14)/v*-1*(-40 + 0).
2, 5, 7
Suppose 4*v - 5*p = 823, -13*p + 9*p = 2*v - 418. Let d = -153 + v. What are the prime factors of d?
2, 3
Suppose 130*p - 211964 = 111*p. List the prime factors of p.
2, 2789
Suppose -5*q = -4*v - 0 + 8, -4 = -2*v - 3*q. Let n be -15*7/(-42)*(-4 + v). List the prime factors of n/(-10) - 2055/(-10).
2, 103
Let h(f) = 2*f**3 + 158*f**2 - 39*f + 1327. List the prime factors of h(-79).
2, 19, 29
Suppose -22*y + 10 = -17*y. List the prime factors of y/(-6) - (-2584)/57.
3, 5
Let k(o) = 316*o**2 - 1142*o - 15. What are the prime factors of k(-8)?
5, 5869
Suppose -4*t - 5*a = -1005, -a + 1 = t - 250. What are the prime factors of 12/(-3) - (-42)/12*t?
13, 67
Let n(s) = 15*s**2 - 3*s + 1. Let g = 1 - 0. What are the prime factors of n(g)?
13
Suppose 6104473 + 412142 = 159*a. What are the prime factors of a?
5, 7, 1171
Let g(w) = -1067*w + 874. List the prime factors of g(-4).
2, 3, 857
Suppose 575 = 12*i - 17*i. Suppose 81 = -5*q - 464. Let j = q - i. List the prime factors of j.
2, 3
Let v be 15 - 8 - -40 - 2. List the prime factors of 2593/5 + 17/((-1275)/v).
2, 7, 37
Let k(y) = 12*y**3 + 51*y**2 - 19*y - 27. Let l(h) = 7*h**3 + 26*h**2 - 10*h - 14. Let g(z) = -4*k(z) + 7*l(z). What are the prime factors of g(22)?
2, 71
Let m(x) = -916*x + 363. What are the prime factors of m(-13)?
7, 1753
Let x = -11398 + 20831. List the prime factors of x.
9433
Suppose 4*t - 7 = 1. Suppose -17 = t*q - 21. Suppose -3*c + 2*z + 0*z + 90 = 0, q*c - 3*z = 60. What are the prime factors of c?
2, 3, 5
Let z = 1902 - 1120. Suppose 118*a - z = 116*a. List the prime factors of a.
17, 23
Let a(s) = 4*s**2 - 141*s + 10. Let q be a(37). Suppose -q = 2*m - 1537. List the prime factors of m.
2, 317
Suppose -1034 = 2*j + 2*c + 3*c, 2*j + 4*c + 1034 = 0. Let y = j - -1053. List the prime factors of y.
2, 67
Suppose -6 = f, 17*d = 12*d + f + 47181. List the prime factors of d.
3, 5, 17, 37
Let r be ((-253)/(-6))/((-24)/(-144)). What are the prime f